-7 - (5 + -2) - (-4 - -8)
-14
-35 + 1 + -983 + 1027
10
0 - ((3 - -3) + 4 - -5)
-15
What is (-59 - -63) + -1 + 4 - 10?
-3
-4 + (-3 - -27) + (15 - 17)
18
What is the value of (-7 - -15) + 2 - (22 - -1)?
-13
What is 0 - (12 - 2) - (-19 + -8)?
17
What is the value of (7 - -1 - (-16 + 15)) + -6?
3
What is -3 - (-7 + 2 - -9 - 0)?
-7
What is the value of 12 + -15 + -9 - -14?
2
Evaluate -6 - (8 - 17) - 13.
-10
What is -17 - (-18 - -20) - -31?
12
What is the value of -31 + 87 + -74 + (1 - 8)?
-25
30 - 8 - (2 + 3 + (11 - 9))
15
-10 + (13 + 17 - 5)
15
What is the value of 20 + (4 - 3) - 3 - (-16 - -24)?
10
Evaluate 10 + (-6 - (8 - (9 - -9))).
14
Evaluate 8 + (-1 - -4) - (-10 + 21 + -6).
6
What is (-3 - -1) + (-71 - -69)?
-4
-5 - (4 - (20 + -21))
-10
What is -9 + 30 - (-87 + 123)?
-15
Calculate -13 + (-4 - -3) + (126 - 137).
-25
What is 10 + -10 + (0 - 10) + 6?
-4
Evaluate 17 - (15 - (5 - 0)).
7
Calculate -15 - (16 - 23 - (0 + -5)) - -1.
-12
Calculate 103 + -90 + 1 + -4 + -8.
2
Calculate 16 - (0 + 25) - 13.
-22
-18 + -3 + -15 + 20
-16
Calculate (3 - 19) + (18 - -1).
3
Calculate 11 - (13 + -1 + -5 + 0).
4
What is the value of 2 + -9 + (-14 - 3) + 11?
-13
What is -16 + (-15 + 16 - -5)?
-10
10 + -11 + (-14 + 7 - -9)
1
What is 1 - 6 - (-13 + 5 + -20 + 47)?
-24
Calculate -18 - -1 - (32 - 68).
19
(-7 - 1) + (11 - -6) + -42 + 45
12
3 + -12 - (-5 - 4)
0
Calculate 12 + 24 + -75 + 68.
29
Calculate (4 + -47 - 3) + (-15 - -24) + 10.
-27
-2 + -8 + (3 - 13)
-20
Calculate (-13 - -11) + 4 - ((-7 - -1) + -5).
13
Evaluate 1 + -7 - (331 - 336).
-1
What is the value of 6 - (12 + 1 + 61 + -79)?
11
Calculate 135 + -128 + (-29 - -3).
-19
Calculate -2 + (5 - (10 - 4)) + 9 + -19.
-13
6 + (6 - (-12 + 9 + 9))
6
Calculate 2 - (5 - 1) - 16.
-18
14 + -21 + 3 + -13
-17
-23 - (-10 - -9) - -12
-10
-12 - (-27 - (-16 - -9))
8
What is the value of (-25 - -12 - -3) + (1 + 2 - -6)?
-1
Calculate -2 + -8 + (0 - 4) + 31.
17
Evaluate -2 + (10 + -3 - 20).
-15
Calculate -10 + (-4 - (-6 + 6)).
-14
Evaluate (3 - -4) + 4 + (-23 - -12).
0
Calculate -12 + 11 - (-2 - (5 - 2)).
4
What is (7 - 0) + 3 + 3 + (3 - 5)?
11
Evaluate 12 + 0 + 6 + (3 - -7 - 7).
21
Calculate 0 + 0 + -2 + (66 - 66) - 7.
-9
What is the value of (8 - (0 + 4)) + 0 + (3 - 13)?
-6
34 - (3 + 5 - (11 + -13))
24
Evaluate (-11 - -43) + -5 + (8 - 13) + 3.
25
Calculate (11 - 2 - -5) + (-2 - 3).
9
What is -1 + (10 - (-2 - -13 - 6))?
4
5 + (-2 - 4) + -2 + (-10 - -4)
-9
What is the value of (1 - -5) + 6 + 8 + -17?
3
What is 6 + (-11 - (11 + -23))?
7
Evaluate -2 + (13 - 5) + 30 + (-23 - -25).
38
What is (-12 - -7 - 4) + (-8 + 13 - -21)?
17
What is the value of -8 - (4 + -4) - (13 - (25 - 8))?
-4
Calculate 5 + -7 + 4 + (0 - -1).
3
-8 - 7 - (-9 + -9) - (-1 - 10)
14
What is the value of -34 + 116 + -38 + -71?
-27
What is 0 + -35 - (-10 + 10 - 16)?
-19
Evaluate -21 + 20 + (1 - -9).
9
-4 + -13 + 6 + 5
-6
Evaluate -8 + 4 + (7 - (8 + 2)) + 13.
6
What is 48 + -12 + -46 + 16?
6
What is the value of -4 - (14 - 32) - 18?
-4
What is ((2 - 5) + 5 - 10) + (-1 - 1)?
-10
What is the value of 14 - 9 - -2 - 3 - -8?
12
What is the value of 2 + 19 + -13 + -4 + 1 + -24?
-19
What is (6 + -5 - (-1 - 2)) + 93 + -97?
0
Calculate 4 + (-5 - (-6 - -11)).
-6
What is the value of -24 + -4 + 14 - -20?
6
Calculate -5 + 16 - 2 - (2 + 1 - -10).
-4
Calculate 9 + (-30 - -19 - 10).
-12
Calculate 1 - (-8 + 9 + 10).
-10
What is (7 + -1 + 1 - 7) + 8?
8
What is the value of 10 + -1 - (19 + 13 + -26) - 17?
-14
What is the value of -18 + 0 - (-72 + 62)?
-8
Calculate 1 + 17 - (467 - 461).
12
What is the value of -5 + -9 + 43 + -51 - 2?
-24
What is the value of 25 - (14 + -34 + 32)?
13
Calculate -1 + 1 + -3 - -24 - (-116 - -106).
31
What is (11 - 19 - 11) + 32?
13
What is 1 + 6 - (22 - 28 - -14) - 8?
-9
Evaluate 238 + -249 - ((-1 - 0) + -28).
18
What is 7 + -33 + 8 + 38?
20
-120 + 95 + -2 + 10
-17
Calculate 2 + -6 + 10 + 11 + -8.
9
Evaluate -12 - (-1 + -4) - (1 + (-7 - 10)).
9
What is 9 - (38 - 10) - -9?
-10
Evaluate -3 + (-1 - 5) + 8.
-1
1 - (1 - 2 - (-1 - -3)) - -8
12
Evaluate (2 - 2) + (-1 - ((3 - 0) + -16)).
12
What is (3 - 6) + (8 - 1) - 9 - 9?
-14
What is 61 - 75 - (-19 + -3)?
8
Evaluate 247 + -249 - (1 + -1 + -4).
2
Evaluate -27 + -18 + -18 + 83.
20
What is the value of 8 - (-11 + 11 + -9 + 2)?
15
17 + 2 + (-17 - 0)
2
Calculate 0 + -31 - (1561 + -1572).
-20
-1 - -1 - (2 + 11 + -3)
-10
Calculate -21 + 6 - (20 + -44 + 8).
1
What is the value of -4 + -24 + 14 + 1?
-13
Evaluate -11 - 0 - (-48 + -11 - -72).
-24
What is the value of -1 - -15 - (-3 + (9 - 1))?
9
Calculate 1 + (-5 - (-7 - 5) - -2 - 32).
-22
What is 5 + -3 - (7 - (15 - 10) - -1)?
-1
3 + 3 + 5 + -8 + 1 - -3
7
Evaluate (0 - -3) + 0 + (-7 - -10) + -13.
-7
What is the value of (-5 - (1 - 3)) + (-2 - (4 + -4))?
-5
Calculate (-6 + 13 - 17) + -6 + (14 - 4).
-6
Calculate 7 + -2 + 5 - (29 - (1 + 13)).
-5
Calculate -4 + -4 + 5 - (-12 - -7).
2
0 + -10 + (92 - 89) - -24
17
(2 - ((-3 - -2) + -2)) + -127 + 134
12
What is the value of 9 - (7 + 6 - 6) - -10?
12
What is -1 - 2 - (167 - 166)?
-4
What is the value of 2 + (5 - 7 - (-1 + -2))?
3
Evaluate -27 + (17 + 18 - 7).
1
Calculate 9 + ((2 - (8 - 4)) + -1 - 7).
-1
What is the value of (2279 - 2288) + (0 + 0 + -1 - -6)?
-4
Calculate -7 + 18 + (-2 - 3) + 1 - 2.
5
Evaluate -19 - (-30 - 3) - 22.
-8
Calculate 14 - ((28 - -1) + 9).
-24
What is the value of 13 + -3 + -11 - 27 - 6?
-34
(-6 - (8 - 8) - -15) + -8
1
Calculate (-21 - 1 - -15) + 22.
15
Calculate (-155 - -135) + 2 + 5.
-13
Calculate 20 + 9 + -29 - (-10 + 0).
10
-39 + 44 + -47 + 29
-13
Calculate 2 + -6 + (55 + -52 - (5 - -1)).
-7
Calculate 103 + -106 + 9 + -1.
5
What is the value of 1 + 6 + 0 + 10 - 9?
8
Calculate (-7 - -13) + (-5 - -4) + 5.
10
What is -100 + 119 + -10 + (7 + -1 - 1)?
14
What is the value of 0 - ((19 - 18) + (4 - -3))?
-8
What is -57 + 69 + -19 + -28?
-35
Evaluate 9 + (-9 - (10 - 14)).
4
3 + 17 + -13 - 1 - 7
-1
Evaluate -21 + (3 - (-6 - (-11 + -13 + 5))).
-31
What is the value of -2 - (-9 - 0) - (31 + (22 - 57))?
11
What is the value of (-9 - -2) + (-19 - -16)?
-10
-11 - (5 + 14 + -15) - -43
28
What is 0 + -10 - (-16 - 6)?
12
What is -47 - (-42 - -8) - -15?
2
What is 23 - 19 - (-6 - -19)?
-9
Evaluate -33 + -1 - (7 + -47 + 25).
-19
Calculate 6 - (-9 + (-8 - -12)) - 5.
6
-2 - ((2 - 5 - -9) + -6)
-2
6 - (-5 + 3 - (2 - -6))
16
What is the value of 8 - (-15 - (37 + -54))?
6
Calculate 9 + (-15 + 5 - -2) + 10.
11
Calculate -13 + (2 - 0) - (-9 - (-26 - -15)).
-13
Calculate 1 - (12 + -13 + -13).
15
What is the value of (1 - -18) + -5 + -98 + 51?
-33
(5 - 23) + (5 - (5 + -6))
-12
-40 + 15 + 15 - (3 - (5 + 3))
-5
What is (-15 + 7 - -13) + 3?
8
Calculate 1 + 6 - 4 - ((11 - 2) + -6).
0
Calculate (1 - 4) + (68 - 73).
-8
Evaluate -12 + 0 + 22 + -5.
5
Evaluate -24 - -29 - (19 + 5).
-19
Calculate (-10 - 0) + (-18 - -12).
-16
What is the value of -8 + (2 + -1 - 0) + 11?
4
(14 - (-26 + 55)) + (1 - -7)
-7
(1 + -8 - (46 - (40 + -5))) + 3
-15
What is 3 + -1 - 2 - (-263 + 256)?
7
Calculate (5 - -1 - -8) + -8 + (1 - -5).
12
(22 - 18) + 3 + (-9 - 1)
-3
What is the value of (31 - (66 - 48)) + (-1 - 11)?
1
What is 14 + -5 + -2 + -13?
-6
What is the value of (51 - 63) + 4 + 2?
-6
What is (28 - 14 - 6) + 1?
9
-4 + 3 - 21 - (-52 - -51)
-21
(-17 - -4 - -8) + -3
-8
What is -8 - -1 - (-28 - (6 + -13))?
14
What is the value of (-27 - -23 - (-14 - 2)) + -2?
10
(27 + -10 - 22) + 35
30
What is (-14 - (-14 + -10)) + -13?
-3
Evaluate -30 + 33 - (-1 + -1) - (-4 - 0).
9
What is -25 + -3 - (10 + -11 + -10)?
-17
1 + -8 + -5 + 5 - -18
11
Calculate -1 + (-6 - (8 + 5 + -24)).
4
What is the value of -13 - (-1 - 13 - 11)?
12
-5 - (-18 + 8 + 18)
-13
What is the value of (3 - (-4 + 7 + -1)) + 4 - -2?
7
What is -1 + 2 + 16 - (-7 + -10 + 24)?
10
-3 + (6 - -12) + -22 + (31 - -1)
25
Calculate -4 - (-8 + -14 + 10 + -5).
13
What is the value of -13 + (2 - (-31 - -14)) - (11 - 0)?
-5
Calculate (0 - 3) + -2 + 4 - (18 - 14).
-5
What is 17 - 4 - (-19 + 8)?
24
What is 4 - -1 - (3 + (52 - 62))?
12
What is the value of (7 - 20 - (58 + -70)) + 35?
34
What is -4 - (-2 + 9) - (1 - 4)?
-8
What is 8 - ((0 - -6) + 9 + 6)?
-13
Calculate (62 + -46 - (-1 + 9)) + -19 + 1.
-10
-11 + 46 + 9 + -41
3
Calculate -3 + (12 - 2) + -7 - -3.
3
What is -2 - (4 - (-1 - 3 - (-6 - 0)))?
-4
-8 + 2 + (-37 -